se 11
-4a61
3130033 (base 4) to base 9
21301
What is 459a (base 16) in base 13?
8158
What is -18b91 (base 13) in base 8?
-135762
-378 (base 12) to base 11
-437
e1 (base 15) to base 13
133
What is 1281 (base 12) in base 6?
13441
Convert -47d (base 14) to base 15.
-3ea
-11011011010 (base 2) to base 12
-1022
Convert -100220122 (base 3) to base 4.
-1300322
What is 10011111110 (base 2) in base 10?
1278
What is aa68 (base 12) in base 14?
6bcc
10000202 (base 4) to base 13
761c
Convert -10155 (base 6) to base 10.
-1367
-1c10 (base 16) to base 7
-26642
What is -3516 (base 13) in base 7?
-30510
What is -1632 (base 8) in base 3?
-1021011
30b (base 12) to base 15
1e8
Convert 20311302 (base 4) to base 2.
1000110101110010
What is 225412 (base 8) in base 12?
38376
Convert -13ac9 (base 13) to base 15.
-ae72
What is -1 (base 4) in base 11?
-1
Convert -5231 (base 8) to base 16.
-a99
What is -4341 (base 5) in base 10?
-596
What is -10001001101 (base 2) in base 16?
-44d
Convert 15464 (base 10) to base 11.
10689
Convert 2034 (base 5) to base 2.
100001101
228 (base 16) to base 13
336
-65347 (base 9) to base 8
-124441
What is -14332 (base 5) in base 16?
-4c1
c2 (base 15) to base 13
110
What is a7a (base 16) in base 2?
101001111010
111121 (base 3) to base 2
101101111
What is 315 (base 11) in base 6?
1431
Convert 2044 (base 10) to base 15.
914
Convert -a0a (base 11) to base 10.
-1220
Convert 55144 (base 6) to base 2.
1110111001000
442020 (base 5) to base 14
57c0
What is 4ce3 (base 16) in base 15?
5c73
Convert -4b0 (base 12) to base 13.
-426
830 (base 11) to base 10
1001
26a (base 12) to base 11
307
-4143 (base 5) to base 10
-548
What is 13023 (base 4) in base 12?
323
What is 4512 (base 14) in base 11?
8aa4
What is 93 (base 13) in base 15?
80
-18709 (base 10) to base 4
-10210111
-330012 (base 5) to base 4
-2233321
What is 182 (base 16) in base 11?
321
Convert 1124124 (base 5) to base 10.
20539
Convert -bc9 (base 16) to base 14.
-1157
What is 279 (base 16) in base 9?
773
2076 (base 9) to base 2
10111110111
Convert 8545 (base 10) to base 16.
2161
What is -331 (base 15) in base 7?
-2050
-2020011 (base 3) to base 11
-1247
Convert 2a4 (base 13) to base 2.
111011000
Convert 778 (base 13) to base 4.
110002
Convert 2043 (base 8) to base 2.
10000100011
What is 11337 (base 10) in base 9?
16486
-1176 (base 12) to base 6
-13030
836 (base 14) to base 8
3120
Convert -10010101011 (base 2) to base 7.
-3325
-1662 (base 9) to base 15
-59b
-2010020110 (base 3) to base 2
-1010001011111111
277 (base 15) to base 9
684
Convert -130 (base 14) to base 2.
-11101110
-20310 (base 7) to base 15
-1706
What is 866 (base 16) in base 12?
12b2
-376 (base 9) to base 6
-1240
What is -82de (base 15) in base 5?
-1341114
Convert 8212 (base 9) to base 8.
13565
What is 3020 (base 4) in base 11?
172
What is 202210101 (base 3) in base 16?
3b35
Convert 172 (base 8) to base 6.
322
What is -3324 (base 5) in base 2?
-111010000
What is -4000 (base 8) in base 14?
-a64
What is 1010020 (base 3) in base 4?
30300
What is -2465 (base 7) in base 5?
-12204
Convert 1212 (base 13) to base 10.
2550
What is 1624 (base 10) in base 14?
840
-3b89 (base 15) to base 9
-18413
What is 10100100010110 (base 2) in base 11?
79a2
-212e (base 16) to base 3
-102122121
342 (base 14) to base 15
2d1
-480 (base 11) to base 2
-1000111100
465 (base 11) to base 10
555
261 (base 14) to base 13
2a9
What is 10203200 (base 5) in base 3?
11022022202
-1001110001 (base 2) to base 9
-764
What is -429 (base 11) in base 9?
-632
-10315 (base 6) to base 11
-1077
Convert -30113 (base 5) to base 11.
-1485
-1598 (base 10) to base 6
-11222
6052 (base 8) to base 11
2381
555 (base 9) to base 11
384
What is 1011110110 (base 2) in base 10?
758
Convert -4aa8 (base 13) to base 3.
-112120012
What is -321a (base 14) in base 7?
-34133
1c (base 13) to base 7
34
What is 1547 (base 8) in base 16?
367
What is 60b (base 12) in base 14?
467
Convert 303324 (base 6) to base 4.
11320210
Convert -224340 (base 5) to base 7.
-32413
What is -443313 (base 5) in base 13?
-7061
Convert -111111101 (base 2) to base 15.
-23e
Convert 40 (base 6) to base 11.
22
30124 (base 6) to base 7
14326
-b4 (base 13) to base 16
-93
17643 (base 9) to base 3
121201110
4394 (base 13) to base 5
300131
Convert -490 (base 11) to base 5.
-4313
-d97 (base 15) to base 5
-44232
Convert -22020112 (base 3) to base 9.
-8215
-32131 (base 4) to base 5
-12200
1260 (base 11) to base 4
121213
Convert -2616 (base 7) to base 14.
-50d
22020 (base 4) to base 3
220000
Convert -11022 (base 4) to base 14.
-198
What is 2889 (base 10) in base 2?
101101001001
Convert -600 (base 13) to base 8.
-1766
What is -b60 (base 15) in base 9?
-3460
What is 148 (base 10) in base 16?
94
Convert 44030 (base 8) to base 16.
4818
-1155a (base 14) to base 15
-c79a
What is -111121 (base 4) in base 12?
-961
Convert 508 (base 9) to base 15.
1c8
What is -317 (base 11) in base 2?
-101111101
12130 (base 4) to base 9
507
110136 (base 7) to base 5
1104114
What is 25661 (base 10) in base 7?
134546
120052 (base 6) to base 3
112021012
Convert -24223 (base 6) to base 11.
-2731
-124a5 (base 13) to base 8
-101746
What is 10387 (base 9) in base 14?
2719
Convert 1d5 (base 14) to base 12.
27b
What is 41100 (base 5) in base 4?
221122
What is -3113 (base 6) in base 5?
-10233
71 (base 9) to base 13
4c
What is -10110000001010 (base 2) in base 10?
-11274
Convert 281 (base 11) to base 6.
1311
Convert -33335 (base 7) to base 4.
-2003111
What is 491 (base 11) in base 2?
1001001000
83c (base 15) to base 6
12333
What is -400 (base 8) in base 3?
-100111
-133113 (base 5) to base 4
-1110200
What is -6222 (base 8) in base 5?
-100333
What is 106345 (base 7) in base 12?
b031
What is 1114202 (base 6) in base 10?
56666
Convert 21066 (base 10) to base 15.
6396
134a3 (base 12) to base 10
26619
What is -13400 (base 10) in base 15?
-3e85
What is -519 (base 10) in base 9?
-636
Convert 562 (base 7) to base 6.
1201
-1012101001 (base 3) to base 6
-301131
Convert -34a7 (base 16) to base 8.
-32247
32001 (base 5) to base 11
1663
Convert 1729 (base 11) to base 8.
4241
Convert -224 (base 14) to base 3.
-120201
What is -322000 (base 4) in base 16?
-e80
Convert 15811 (base 14) to base 7.
312421
What is -2023 (base 9) in base 10?
-1479
What is 30126 (base 8) in base 10?
12374
-14312 (base 7) to base 16
-f59
-15b (base 13) to base 11
-203
Convert -396 (base 10) to base 5.
-3041
What is -241233 (base 5) in base 9?
-13236
What is 10101010 (base 2) in base 13?
101
Convert 2202 (base 8) to base 14.
5c6
1300 (base 6) to base 11
275
11021201 (base 3) to base 12
1984
Convert -608 (base 15) to base 12.
-952
What is -633 (base 11) in base 4?
-23322
What is 2b16 (base 13) in base 12?
3768
140411 (base 5) to base 6
42311
Convert 1263 (base 11) to base 10.
1642
Convert 30454 (base 10) to base 2.
111011011110110
78ae (base 15) to base 5
1304324
What is -122616 (base 7) in base 10?
-22602
What is 2745 (base 14) in base 13?
31c5
What is -4440 (base 9) in base 16?
-ccc
3646 (base 7) to base 10
1357
Convert 1321 (base 11) to base 14.
8a9
Convert -8a9 (base 13) to base 12.
-a43
122310 (base 7) to base 13
a2ab
What is 188 (base 15) in base 6?
1345
2576 (base 10) to base 14
d20
What is 1391 (base 13) in base 15?
c82
What is -8d (base 15) in base 4?
-2011
Convert 3e6 (base 15) to base 7.
2412
5892 (base 10) to base 15
1b2c
Convert -84 (base 14) to base 3.
-11022
What is 32031 (base 6) in base 12?
2617
Convert 1f9 (base 16) to base 10.
505
Convert 1430310 (base 5) to base 12.
154a8
Convert 19007 (base 12) to base 15.
ab4a
-1d4 (base 14) to base 16
-17e
What is 1ae9 (base 15) in base 2?
1011011010100
What is -1352 (base 6) in base 13?
-215
Convert -303303 (base 4) to base 6.
-23203
Convert 213343 (base 6) to base 10.
17631
What is -22371 (base 10) in base 12?
-10b43
-32a2 (base 13) to base 16
-1b95
Convert -3440 (base 6) to base 7.
-2244
Convert -302233 (base 5) to base 8.
-22735
Convert 1400341 (base 5) to base 12.
143b9
Convert 1495 (base 11) to base 10.
1919
-20501 (base 6) to base 16
-ad5
1101100010 (base 2) to base 5
11431
-1b1a3 (base 12) to base 13
-1529a
33222 (base 4) to base 8
1752
What is 184 (base 10) in base 2?
10111000
What is 2ba (base 14) in base 3?
202121
What is 325442 (base 6) in base 7?
142133
Conve